2 + 7*s - 1. Let q(c) = 7*j(c) + 6*w(c). What is the tens digit of q(1)?
1
Let c = -54 - -99. What is the units digit of c?
5
Suppose -3*a + 60 + 15 = 0. What is the tens digit of a?
2
Let b(o) be the first derivative of -o**4/4 - 3*o**3 - 4*o**2 + o - 2. Let f be b(-8). Let z = 6 - f. What is the units digit of z?
5
Let o = 1 - -6. What is the units digit of o?
7
Let v(x) = -2*x**3 + 18*x**2 + 12*x - 1. What is the units digit of v(9)?
7
Let s(u) = -u**3 + 2*u**2 - 1. Let h be s(-1). Suppose -h*f = 3*f - 15. Suppose y + 24 = f*y. What is the tens digit of y?
1
Let l(y) = -21*y + 52. What is the hundreds digit of l(-4)?
1
Let m = -64 + 108. What is the tens digit of m?
4
Let r = -19 + 13. What is the tens digit of r/4*8/(-1)?
1
Suppose -7*u + 10 = -2*u. Let b be u/5 - (-978)/30. Suppose 4*q = q + b. What is the units digit of q?
1
Let y = -30 - -48. Suppose 3*q - 14 = -3*z + 16, z = 3*q - y. What is the units digit of q?
7
Suppose -5*g = -0 - 10. Let o = -4 + 7. Suppose -g*z + 20 = o*l - 3*z, -2*z + 16 = l. What is the units digit of l?
8
Let b be (1 - -2) + (-3)/(-1). What is the tens digit of 57/b - 2/(-4)?
1
Let u be -1*(-3 + 9)/(-3). What is the units digit of 2/(1 + u - 2)?
2
Let p(h) = 2*h + 149. What is the tens digit of p(0)?
4
Let k = 35 - 18. What is the units digit of k?
7
Suppose 0*a + 2*a + 4 = 0. Let c = 18 - a. What is the units digit of c?
0
Let d(h) = -h**2 + 7*h + 5. Let f be d(7). Let r(x) = 2*x**2 - 6*x - 4. What is the tens digit of r(f)?
1
Let j be ((-3)/2)/((-9)/(-12)). Let h be 1/(-4) - 533/(-52). What is the units digit of 132/15 - j/h?
9
Let y(f) = f**3 + 2*f**2 - 4*f - 2. Let t be y(-3). Let g(k) = 3*k**2 + k. Let m be g(t). Suppose m*a - 15 = -a. What is the units digit of a?
3
Let g(m) = 13*m + 4. Let l be g(5). Suppose n - 103 = -4*s, -3*s + 3*n = n - l. What is the tens digit of s?
2
What is the hundreds digit of -2 - ((-20)/(-5) - 784/4)?
1
Suppose -7*l + 11*l - 40 = 0. What is the tens digit of l?
1
Suppose -s - 16 = -5*s. Let c = 6 + s. What is the tens digit of c?
1
Let j be (-6)/((-9)/(-6)*-1). Suppose -j*k + 18 = -2*k. What is the units digit of k?
9
Suppose -2*g = 3*f - 16, 0 = 4*f - 5*g - 8 + 2. Suppose -c = t - 6, -c = 3*t - f*c. Suppose -2*u + t*u = 6. What is the units digit of u?
6
Suppose 4*b = -2 + 10. Suppose -3*z = -3*t - b*t + 595, -3*z - t = 583. What is the units digit of 4/(-14) + z/(-21)?
9
What is the units digit of ((-4)/(-6))/((-12)/(-738))?
1
Let x(j) = -j - 2. Let n be (-22)/5 + 4/10. What is the units digit of x(n)?
2
Suppose -3 - 12 = 5*t. Let f be 2/(-6) - t/9. Suppose -2*i + f*i = g - 11, g = i + 2. What is the units digit of i?
3
Suppose 3*k - 120 = -k. What is the units digit of k?
0
Let h(l) = -2*l**3 + 18*l**2 + 1. What is the units digit of h(9)?
1
Let j(x) = 26*x - 1. Let y be j(1). What is the tens digit of (0 + -2 + y)*1?
2
Let f(s) = -s**3 + 4*s + 2. Let x be f(-2). Suppose -56 = -2*a + x*l, -2*l = -4*a - 6*l + 144. What is the tens digit of a?
3
Let m(n) = 13*n - 4*n + 11 + 2*n**2 - n**2. Let y be m(-8). Suppose 2*q = -y*o + 13, -4*q + 5*o + 15 = -0*q. What is the units digit of q?
5
Let v(y) = -35*y - 1. Let l be v(-1). Suppose 0*u - 2*u = -l. What is the tens digit of u?
1
Suppose -3*o - 195 = 4*u, -2*u - 2*o - 105 = o. Let f be 1/(-2)*-2 - 32. Let b = f - u. What is the units digit of b?
4
Suppose 4*w + 4 = -2*y, w - 2*w - 3*y + 4 = 0. What is the tens digit of ((-80)/12 - w)*-3?
1
Let y be 12/5*40/6. Suppose -n + 3 = y. What is the units digit of 3/(n/8 - -2)?
8
Suppose 0 = -4*u + 8. What is the units digit of u?
2
Let j be (-52)/9 + (-22)/99. What is the units digit of (j/(-8))/(4/16)?
3
Let q(b) = -8*b + 11*b - 2*b + 10*b**2. Suppose 5 = 4*i + i. What is the tens digit of q(i)?
1
Let s = 25 + -39. Let p be 10/(-35) - 32/s. Suppose -m - 4*x = -2*m + 21, 0 = -2*m - 2*x + p. What is the units digit of m?
5
What is the tens digit of 3*(-3 + 70/3)?
6
Let g(q) be the second derivative of -q**4/12 - 5*q**3/3 - q**2 + q. What is the units digit of g(-8)?
4
Suppose -2*v + 228 = 3*n, 0 = -4*n - 10 + 26. What is the hundreds digit of v?
1
Suppose -3 = 5*x + 2. Let p = 3 - x. What is the units digit of p?
4
Let u = 6 - 3. Suppose 0 = 4*p - 8*a + 4*a - 128, -5*p + 152 = u*a. What is the tens digit of p?
3
Let h(f) = -f + 1. Let w be h(-7). Suppose -i + w = 3*i. Suppose i = -4*c + 26. What is the units digit of c?
6
Suppose -3*l + 21 = 3*b, 10 = -0*b + 2*b. Suppose -2*u - s + 85 = l*u, -45 = -2*u - s. What is the units digit of u?
0
Suppose -2*l + i + 3*i + 186 = 0, 5*l - 5*i = 440. What is the units digit of l?
3
Let t(d) = -15*d**3 + 11*d + 17. Let g(r) = -7*r**3 + 5*r + 8. Let w = 29 - 16. Let z(n) = w*g(n) - 6*t(n). What is the units digit of z(0)?
2
Suppose 4*u - 3 = 9. Suppose -a = 3*a + m - 20, 0 = -u*a - 3*m + 24. Suppose -1 = d - a. What is the units digit of d?
3
Suppose -5*y - 2*y + 266 = 0. What is the tens digit of y?
3
Suppose -f + 88 = 3*f + w, -2*w = -4*f + 100. What is the units digit of f?
3
Suppose -x + 5 = 2. Suppose 0*f + 90 = x*f. Suppose 3 = u + 2*z - 8, 0 = -4*u - z + f. What is the units digit of u?
7
Let d = -462 + 651. What is the hundreds digit of d?
1
Suppose -4*t + 3*t - 2*i = -209, -t + 4*i + 203 = 0. What is the hundreds digit of t?
2
Let k be (12 + 2)*1/(-2). Let q = 11 - k. What is the tens digit of q?
1
Let j(f) = -f + 7. Let t be j(7). Suppose -3*s + 45 = -t*s. What is the units digit of s?
5
Let g = -59 + 34. What is the units digit of 4*(g/(-4))/1?
5
Let h(j) be the first derivative of -1/4*j**4 - 2*j - j**2 - 2 - 4/3*j**3. What is the units digit of h(-4)?
6
Suppose -a - 3 = -2*k + 1, 0 = 4*a + 3*k - 6. Suppose y + 10 = -4*t, a = -y - 3*t - 5 - 1. What is the units digit of y?
6
Suppose -11 = 2*g + 105. Let u = -31 - g. What is the tens digit of u?
2
Let q = 8 + -6. Suppose -3*x + q*z = 27, -9 = -0*z - 3*z. Let y = 21 + x. What is the tens digit of y?
1
Let f(u) = u**3 + 4*u**2 - 1. Suppose h = 3 - 6. What is the units digit of f(h)?
8
Suppose -2*s - 2*p = -14, -4*s + 0*p + 43 = p. What is the tens digit of s?
1
Let q = -6 + 9. Suppose j - 5*r = 6, -q*r + 6*r = 0. What is the units digit of j?
6
Suppose y = -3*y + 104. What is the tens digit of y?
2
Suppose 0 = 4*m - 5*m - 2. Let w be 6/m*(-4)/6. Suppose w*d = 3*d - 11. What is the units digit of d?
1
Let o be 0 - 3 - (-3 + 0). Suppose -5*r + 97 + 98 = o. What is the tens digit of r?
3
Let b = -57 + 173. What is the tens digit of b?
1
Suppose -11 + 5 = 3*k, -g + 5*k = -14. Suppose -g*l + 93 - 13 = 0. What is the tens digit of l?
2
Let v = 12 - 25. Let w(k) = -k**3 - 14*k**2 - 16*k - 2. What is the tens digit of w(v)?
3
Suppose -6*g - 10 = -8*g. Suppose g*p - 40 = 4*r, -4*r = r - 25. What is the units digit of p?
2
Let r(l) = 6*l + 0*l**3 + l**3 + 4*l**2 - 4*l. Let i = 8 + -11. What is the units digit of r(i)?
3
Let v be ((-27)/(-18))/((-2)/(-16)). Let r = 20 - v. What is the units digit of r?
8
What is the units digit of (-1 + -3)/((-16)/344)?
6
Let b = -8 - -13. Suppose 3*t + 72 = b*t. What is the units digit of t?
6
What is the units digit of -1 + -1 + 40/4?
8
Let t(m) = 4*m**2 - 3*m - 7. Let n(p) = 7*p**2 - 6*p - 13. Let d(r) = 3*n(r) - 5*t(r). Let q be d(-3). Let b = 27 - q. What is the units digit of b?
3
Suppose -188 = -2*v - 2*d, 4*v - 2*d + 62 - 438 = 0. What is the tens digit of v?
9
Let g = 37 + 39. What is the tens digit of g?
7
Let x(i) = 33*i. Let u(r) = -32*r. Let q(y) = 6*u(y) + 5*x(y). What is the tens digit of q(-1)?
2
Let v be 8/(-2)*7/4. Let l = -14 - v. Let b = l + 13. What is the units digit of b?
6
Suppose -i - 3*i + 12 = 0. Suppose 0 = -2*n + f - 1 - 0, -n - i*f = -10. Let u(x) = 2*x - 1. What is the units digit of u(n)?
1
Suppose -4*w = 4*t - 1244, 11*w + 1236 = 4*t + 13*w. What is the tens digit of t?
0
Let x(w) = -w - 2. Let n be x(-7). Suppose 0*t - n*t = -80. What is the units digit of t?
6
Suppose 25 + 3 = 4*u. Let w = u - 15. Let s = 2 - w. What is the tens digit of s?
1
Let z = -42 + 46. What is the units digit of z?
4
Let q be 0/2 - (0 + -3). Suppose -h - 16 = -q*h. What is the units digit of h?
8
Suppose 12 = 4*t - 4. Suppose t*x - 39 = x. What is the tens digit of x?
1
Suppose 5*f - f - 96 = 0. Suppose 5*v = v + f. What is the units digit of (v/(-4))/(2/(